pose 0 = -d + p, 4*d + 5*p - 19 = 26. Suppose -d*r - 266 + 586 = 0. What are the prime factors of r?
2
Let o(c) = 270 + c + 175 - 251. Let d be o(0). Suppose d + 361 = 3*j. List the prime factors of j.
5, 37
Let a be 1*(-40)/8 - (-1 - 8). Suppose 0 = -4*m - a*x + 1216 + 348, -5*m = x - 1943. What are the prime factors of m?
2, 97
Suppose 4 = -5*z + 2*c + 23, 4*z - 4*c = 20. Suppose -5*g = -z*g - 186. Let h = -24 + g. What are the prime factors of h?
3, 23
Let t(m) = -354*m - 145. What are the prime factors of t(-23)?
11, 727
What are the prime factors of -2*19/(646/(-181135))?
5, 2131
List the prime factors of (22/(-2))/(3*1/(-2739)).
11, 83
Let a(n) = 9*n + 7*n**2 - 3 - 2 + 0 + 20. List the prime factors of a(-6).
3, 71
Let o(s) be the second derivative of 3*s**5/20 - s**4 + s**3 - 2*s**2 + 34*s. Let z be o(6). Suppose 0 = 4*v + z - 868. What are the prime factors of v?
5, 31
What are the prime factors of 9*-1301*(69/9 - 8)?
3, 1301
Let p = 11498 + -139. List the prime factors of p.
37, 307
Suppose 2*r + 5*v = 5, -2*v + 13 = -3*r + 11. Suppose 0*q + 3*q - 5*x - 2518 = r, 1657 = 2*q + x. What are the prime factors of q?
3, 277
Let h(t) = 11*t**2 + 15*t - 1. Suppose 0 = -g, 5*j + 2*g - 27 = -7. Suppose 0*n = -5*n + i - 10, 0 = -4*n + j*i + 8. List the prime factors of h(n).
53
Let g be (0 + -6)/(2/(-1)) - -3397. Suppose -11*k + 9*k - g = -4*a, 0 = 2*a + 5*k - 1724. What are the prime factors of a?
2, 3, 71
Let f(j) = 6*j**2 - 7*j - 8. Let l(z) be the first derivative of z**4/2 + 3*z**3 + 5*z**2/2 + 9*z - 8. Let q be l(-4). List the prime factors of f(q).
107
Let a = -23 + 23. Suppose a = 3*q - q. Suppose q = -4*s - 4*l + 180, 3*s - 58 = -l + 75. What are the prime factors of s?
2, 11
Let z(o) = 654*o**2 + 9*o - 46. Let h be z(6). What are the prime factors of h/48 - 1/(-3)?
491
What are the prime factors of (79 - -14)/(42/4438)?
31, 317
Suppose w + 5*a - 7079 = 0, -3*w - 12*a + 21315 = -10*a. What are the prime factors of w?
7109
Let f = -84 - -81. What are the prime factors of ((-1919)/38)/(82/28 + f)?
7, 101
Suppose 3*g + 214 = -6*t + 4*t, 0 = t + 2. Let r = g + 263. What are the prime factors of r?
193
Suppose -19*h + 10*h + 25200 = 0. Suppose -9*p - 19*p + h = 0. List the prime factors of p.
2, 5
Let a = 16206 + -8491. List the prime factors of a.
5, 1543
Let r = 46 - 38. Let y(x) = -5*x + 50*x - 10*x - 14*x - 14. List the prime factors of y(r).
2, 7, 11
Let h be (-13)/(585/(-54))*(-50)/(-4). Suppose h*c = 11*c + 1376. List the prime factors of c.
2, 43
Suppose 8*q + 5181 - 17965 = 0. What are the prime factors of q?
2, 17, 47
Let v = -31 + 46. Suppose 3 = -4*g + v. Suppose 3*p = -5*b + 384, 5*p - g*b - 640 = -0*b. What are the prime factors of p?
2
Let z(i) = -2*i**3 + 79*i**2 - 87*i - 23. What are the prime factors of z(37)?
3, 1201
List the prime factors of (-10)/(-15)*1446*(-10 + 11).
2, 241
Suppose y + 304 = 17*y. Let r(f) = 3*f**2 - 14*f - 68. What are the prime factors of r(y)?
7, 107
Suppose 3*d = 4*g + 7*d - 2080, g - 4*d - 500 = 0. Let w = -197 + g. Let h = w + -179. What are the prime factors of h?
2, 5, 7
Suppose -331 = -y - 0*y. Let s(v) = -3*v**2 + 17*v + 232. Let a be s(15). Let u = a + y. List the prime factors of u.
11, 13
Suppose 13 - 97 = -21*r. Suppose -2*q + b = -2837 + 1006, -r*q = -5*b - 3653. What are the prime factors of q?
7, 131
Let o be 2 + -5 + (-4)/((-12)/2859). Suppose h - 303 - o = 0. What are the prime factors of h?
7, 179
Let j be (-8)/2 + (-142)/3*-12. Let t = 344 + j. List the prime factors of t.
2, 227
Suppose -77*b + 165299 = -1601841 - 805738. What are the prime factors of b?
2, 3, 5569
Let n(a) = -3*a**3 + 2*a**2 - 22*a + 1. Let p(j) = -2*j**3 + 2*j**2 - 20*j + 1. Let l(t) = 3*n(t) - 4*p(t). What are the prime factors of l(-5)?
2
Let f = 73237 - 102622. What are the prime factors of 3/(27/f*-5)?
653
List the prime factors of (-10)/(-355) - (-874688)/1136.
2, 5, 7, 11
Suppose 3*d + 1 = -2*f, 3*f + f = 2*d + 6. Let i be (759/11)/(d/59). What are the prime factors of i/(-46) + 1/(-2)?
2, 11
Let i = 4713 + -4288. What are the prime factors of i?
5, 17
What are the prime factors of (-2)/9 + (-132705)/(-1215)?
109
Let z = -1575 - -2617. What are the prime factors of z?
2, 521
Suppose 2814 = -3*b - 2*s, -443 = -3*b - 4*s - 3263. Let d = b + 2114. What are the prime factors of d?
2, 19, 31
Let x be -2 - 0 - (-6 - -1). Let l be -11882*7/(-56) - 1/4. Suppose -l = -x*c - 6*c. What are the prime factors of c?
3, 5, 11
Suppose -142*f + 790872 - 188366 = 0. What are the prime factors of f?
4243
Suppose -u + 15*m + 990 = 14*m, -3*m - 6 = 0. What are the prime factors of u/3 + (13/(-3) - -5)?
2, 3, 5, 11
Suppose -6*q + 10 = -3*q - w, 2*w - 16 = -3*q. Suppose -g = -q*i - 393, -9*g - 3*i + 1254 = -6*g. What are the prime factors of g?
7, 59
Let y be 0 + 3 - 0/2. Suppose -n + 3*o = -4, -y*n = 2*o + 3*o - 82. Suppose -n*f + 23*f = 412. List the prime factors of f.
103
Let b = -31 - -71. Suppose 6*x - 11*x + b = 0. Suppose x*o - 17 - 151 = 0. What are the prime factors of o?
3, 7
Let b = -19 - -34. Suppose 5*t = 20 + b. List the prime factors of (t/3 + -2)/(1/357).
7, 17
Let g be 27/(-6)*(2 - (-22)/(-9)). List the prime factors of (35/(-100) + g/(-8))*-775.
3, 5, 31
Let i = 1423 + 3660. What are the prime factors of i?
13, 17, 23
Let d be 2 + 1 + 112 + -5. Suppose 24 = 5*j + 14. Suppose -q = -4*a + 241 + 7, -4*q - d = -j*a. What are the prime factors of a?
3, 7
Let y = 53 + -50. Suppose -4*j + 1281 = -3*v, y*j - j + 3*v = 627. List the prime factors of j.
2, 3, 53
Let y be (-1 + 20508/9)*3. Let d = -4854 + y. What are the prime factors of d?
1979
Let m = 20 + -16. Suppose 1677 = 3*f + 2*f + 3*l, -3*l = m*f - 1344. List the prime factors of f.
3, 37
Let i(p) = -21*p**3 - 12*p**2 - 10*p + 17. Let s(o) = 23*o**3 + 13*o**2 + 12*o - 18. Let r(d) = 7*i(d) + 6*s(d). List the prime factors of r(-4).
3, 7, 23
Suppose 40245 = 96*y - 91*y + 3*l, 2*y - 2*l - 16114 = 0. List the prime factors of y.
2, 3, 11, 61
Let x = -427 - -676. Suppose 11*a = 10*a + x. Suppose 0 = 31*z - 34*z + a. List the prime factors of z.
83
Let d = -5072 - -5215. What are the prime factors of d?
11, 13
Let u(q) = -q + 4. Let m be u(0). Suppose -5*i - 15*s + 2712 = -12*s, 0 = -3*i - m*s + 1636. What are the prime factors of i?
2, 3, 5
Let l be (10*12/70)/(4/14). Let z be 3*(49 + -5 + 3). Suppose w + l = z. List the prime factors of w.
3, 5
Suppose 3*n - 39*c - 7280 = -44*c, -4*c = 3*n - 7279. List the prime factors of n.
5, 97
Suppose k + 9 = -w - 3*k, 2*w + 6 = -5*k. Suppose 21 = -0*t + w*t. Suppose 7*s - 444 = t*s. What are the prime factors of s?
3, 37
Let a(n) = 1172*n - 965. What are the prime factors of a(5)?
5, 11, 89
List the prime factors of 18*(((-842)/(-4) - 3) + -12).
3, 17, 23
Suppose -104*m = 50*m + 17*m - 2649474. List the prime factors of m.
2, 61, 127
Let q(n) be the second derivative of 5*n**4/12 - n**3/3 - 3*n**2 + 65*n. What are the prime factors of q(3)?
3, 11
Suppose 6*h - 903 = 333. Suppose j = h - 47. Let d = -108 + j. List the prime factors of d.
3, 17
Let s = 42 + 33. List the prime factors of s - (2 - (-5 + 7)).
3, 5
Suppose 0 = -4*i - 5*v - 6517, 2*i = 5*i - 2*v + 4859. What are the prime factors of (-118)/236 + (i/(-2))/3?
2, 3, 5
Let k(d) = d**2 - 5*d - 6. Let g be k(14). Let j be (36/(-10) - -4)/(2/g). What are the prime factors of j/60 + (-753)/(-5)?
151
Suppose -8*b = -14*b - 90. Let g(l) = -24*l + 74. What are the prime factors of g(b)?
2, 7, 31
Suppose 41108 = 5*a - 2*t, -t + 303 = -a + 8524. List the prime factors of a.
2, 4111
Let p(y) = -4*y - 67*y + 7 - 42*y. Let i be p(-5). List the prime factors of i/24 + 1/6.
2, 3
Let f be (-15)/(-6) + (-2)/4. Let l be (4 - 28/5)*30/(-24). Suppose f*a + 3*u = -l*a + 797, -585 = -3*a + 2*u. What are the prime factors of a?
197
Let c be ((-2)/(-4))/(0 + (-3)/(-84)). Suppose 0 = c*j - 12*j - 4. Suppose -6*x = -j*x - 768. List the prime factors of x.
2, 3
Suppose 5 = -5*m, 50 = -o - 3*o - 2*m. Let a = o + 14. What are the prime factors of (579/9 - a/(-3)) + 3?
2, 17
Let g = -64846 + 91995. List the prime factors of g.
17, 1597
Let n(y) = 3236*y - 1942. What are the prime factors of n(5)?
2, 3, 7, 113
Let k(n) = 3*n**2 + 134*n - 47. Let o be k(-46). What are the prime factors of 6*o*(-